
8
What is the tens digit of 1100?
0
What is the thousands digit of 1388?
1
What is the thousands digit of 3798?
3
What is the thousands digit of 6672?
6
What is the units digit of 38368?
8
What is the tens digit of 2632?
3
What is the units digit of 314?
4
What is the ten thousands digit of 133471?
3
What is the units digit of 631?
1
What is the tens digit of 107?
0
What is the units digit of 3549?
9
What is the tens digit of 9089?
8
What is the thousands digit of 3322?
3
What is the tens digit of 1098?
9
What is the hundreds digit of 26214?
2
What is the tens digit of 54330?
3
What is the units digit of 1111?
1
What is the tens digit of 79?
7
What is the thousands digit of 2966?
2
What is the thousands digit of 1479?
1
What is the tens digit of 2659?
5
What is the hundreds digit of 7930?
9
What is the ten thousands digit of 55450?
5
What is the thousands digit of 1155?
1
What is the units digit of 1827?
7
What is the thousands digit of 9395?
9
What is the hundreds digit of 12093?
0
What is the hundreds digit of 14106?
1
What is the units digit of 1?
1
What is the hundreds digit of 2804?
8
What is the units digit of 3284?
4
What is the tens digit of 732?
3
What is the thousands digit of 128962?
8
What is the thousands digit of 103858?
3
What is the units digit of 3436?
6
What is the thousands digit of 4146?
4
What is the hundreds digit of 1170?
1
What is the hundreds digit of 821?
8
What is the tens digit of 7703?
0
What is the thousands digit of 5161?
5
What is the hundreds digit of 1696?
6
What is the units digit of 290?
0
What is the thousands digit of 51222?
1
What is the tens digit of 26365?
6
What is the tens digit of 4560?
6
What is the units digit of 10776?
6
What is the thousands digit of 3914?
3
What is the thousands digit of 1500?
1
What is the units digit of 7255?
5
What is the units digit of 65699?
9
What is the tens digit of 23973?
7
What is the units digit of 1983?
3
What is the tens digit of 1689?
8
What is the ten thousands digit of 138805?
3
What is the tens digit of 10305?
0
What is the units digit of 61591?
1
What is the thousands digit of 42126?
2
What is the hundreds digit of 571?
5
What is the units digit of 1897?
7
What is the hundreds digit of 4841?
8
What is the units digit of 1373?
3
What is the units digit of 23072?
2
What is the hundreds digit of 9560?
5
What is the tens digit of 4149?
4
What is the hundreds digit of 55267?
2
What is the units digit of 9767?
7
What is the hundreds digit of 20338?
3
What is the units digit of 85?
5
What is the thousands digit of 6157?
6
What is the tens digit of 503?
0
What is the thousands digit of 5043?
5
What is the hundreds digit of 87179?
1
What is the ten thousands digit of 55977?
5
What is the units digit of 3194?
4
What is the hundreds digit of 1414?
4
What is the ten thousands digit of 12822?
1
What is the hundreds digit of 1336?
3
What is the tens digit of 7316?
1
What is the thousands digit of 2626?
2
What is the hundreds digit of 2455?
4
What is the hundreds digit of 168?
1
What is the units digit of 25417?
7
What is the hundreds digit of 3847?
8
What is the ten thousands digit of 84332?
8
What is the ten thousands digit of 17986?
1
What is the ten thousands digit of 13402?
1
What is the ten thousands digit of 11683?
1
What is the hundreds digit of 4894?
8
What is the thousands digit of 2377?
2
What is the tens digit of 70720?
2
What is the ten thousands digit of 17459?
1
What is the hundreds digit of 2586?
5
What is the thousands digit of 37410?
7
What is the units digit of 51070?
0
What is the thousands digit of 1656?
1
What is the tens digit of 2832?
3
What is the hundreds digit of 72602?
6
What is the thousands digit of 6039?
6
What is the tens digit of 818?
1
What is the units digit of 1177?
7
What is the hundreds digit of 897?
8
What is the units digit of 1187?
7
What is the thousands digit of 6625?
6
What is the thousands digit of 33176?
3
What is the thousands digit of 77936?
7
What is the units digit of 6841?
1
What is the thousands digit of 26060?
6
What is the thousands digit of 1843?
1
What is the thousands digit of 181727?
1
What is the thousands digit of 5020?
5
What is the tens digit of 28194?
9
What is the tens digit of 152159?
5
What is the hundreds digit of 4150?
1
What is the hundreds digit of 17234?
2
What is the hundreds digit of 7145?
1
What is the tens digit of 3118?
1
What is the units digit of 23496?
6
What is the hundreds digit of 2423?
4
What is the hundreds digit of 97497?
4
What is the thousands digit of 2955?
2
What is the units digit of 4047?
7
What is the units digit of 1234?
4
What is the tens digit of 2754?
5
What is the tens digit of 5655?
5
What is the units digit of 530?
0
What is the tens digit of 25564?
6
What is the hundreds digit of 222?
2
What is the thousands digit of 8485?
8
What is the tens digit of 4070?
7
What is the hundreds digit of 2113?
1
What is the ten thousands digit of 26360?
2
What is the hundreds digit of 28936?
9
What is the hundreds digit of 30347?
3
What is the units digit of 10290?
0
What is the hundreds digit of 300?
3
What is the units digit of 3756?
6
What is the hundreds digit of 1222?
2
What is the tens digit of 682?
8
What is the units digit of 885?
5
What is the units digit of 4905?
5
What is the units digit of 376?
6
What is the tens digit of 965?
6
What is the thousands digit of 4002?
4
What is the hundreds digit of 12072?
0
What is the units digit of 1775?
5
What is the thousands digit of 1671?
1
What is the tens digit of 5935?
3
What is the hundred thousands digit of 143521?
1
What is the units digit of 79?
9
What is the ten thousands digit of 18575?
1
What is the ten thousands digit of 110827?
1
What is the thousands digit of 15796?
5
What is the thousands digit of 2007?
2
What is the units digit of 127?
7
What is the thousands digit of 5072?
5
What is the thousands digit of 5169?
5
What is the units digit of 61174?
4
What is the units digit of 29327?
7
What is the thousands digit of 4401?
4
What is the thousands digit of 17680?
7
What is the tens digit of 511?
1
What is the units digit of 24985?
5
What is the tens digit of 199?
9
What is the hundreds digit of 180913?
9
What is the units digit of 1550?
0
What is the tens digit of 515?
1
What is the tens digit of 833?
3
What is the units digit of 517?
7
What is the hundreds digit of 7071?
0
What is the hundreds digit of 27560?
5
What is the tens digit of 37291?
9
What is the tens digit of 263?
6
What is the tens digit of 292?
9
What is the hundreds digit of 123?
1
What is the hundreds digit of 21095?
0
What is the tens digit of 116530?
3
What is the ten thousands digit of 54331?
5
What is the units digit of 1558?
8
What is the units digit of 48629?
9
What is the tens digit of 8295?
9
What is the units digit of 412?
2
What is the tens digit of 2608?
0
What is the hundreds digit of 61937?
9
What is the hundreds digit of 646?
6
What is the thousands digit of 96352?
6
What is the units digit of 1324?
4
What is the tens digit of 81615?
1
What is the hundreds digit of 7802?
8
What is the thousands digit of 58509?
8
What is the hundreds digit of 1195?
1
What is the thousands digit of 2487?
2
What is the tens digit of 508?
0
What is the hundreds digit of 808?
8
What is the units digit of 141557?
7
What is the units digit of 6372?
2
What is the tens digit of 84568?
6
What is the thousands digit of 4466?
4
What is the units digit of 3880?
0
What is the thousands digit of 54199?
4
What is the units digit of 561?
1
What is the units digit of 59?
9
What is the hundreds digit of 43489?
4
What is the thousands digit of 2368?
2
What is the thousands digit of 23745?
3
What is the thousands digit of 2700?
2
What is the hundreds digit of 129?
1
What is the ten thousands digit of 77301?
7
What is the hundreds digit of 286?
2
What is the tens digit of 5397?
9
What is the units digit of 9064?
4
What is the thousands digit of 2618?
2
What is the tens digit of 21138?
3
What is the thousands digit of 1323?
1
What is the thousands digit of 13042?
3
What is the units digit of 576?
6
What is the units digit of 1417?
7
What is the ten thousands digit of 49692?
4
What is the hundreds digit of 95111?
1
What is the units digit of 881?
1
What is the thousands digit of 8769?
8
